rue
Is 229135824 a multiple of 9?
True
Is 36 a factor of 3662410404?
False
Does 14 divide 86952820?
False
Is 223468663 a multiple of 2050?
False
Is 248891900 a multiple of 65?
False
Does 272 divide 172270928?
True
Is 6 a factor of 3616109?
False
Is 89 a factor of 428346410?
False
Is 3228565480 a multiple of 12?
False
Is 2 a factor of 7028366?
True
Does 171 divide 15049095?
False
Is 1204 a factor of 573859951?
False
Does 1720 divide 1088108120?
True
Is 9418709 a multiple of 2?
False
Does 212 divide 493180476?
True
Does 147 divide 13703046?
True
Is 32 a factor of 1852466?
False
Is 2482764999 a multiple of 39?
True
Does 199 divide 92108543?
True
Is 1107 a factor of 52457409?
True
Does 45 divide 4164151?
False
Is 443878910 a multiple of 5?
True
Is 1222 a factor of 40798065?
False
Does 10 divide 9722380?
True
Does 1154 divide 137166534?
False
Is 20243048 a multiple of 118?
False
Is 39296978 a multiple of 266?
True
Is 6340 a factor of 526517980?
True
Is 133 a factor of 22895774?
False
Does 885 divide 49057320?
True
Does 75 divide 7230541?
False
Does 16 divide 2159088320?
True
Is 7 a factor of 797972694?
False
Does 601 divide 374456055?
True
Does 662 divide 848246418?
True
Does 832 divide 21121152?
True
Does 140 divide 35057494?
False
Is 81963140 a multiple of 148?
True
Is 107 a factor of 14492171?
False
Is 12 a factor of 347821716?
True
Is 36 a factor of 47129639?
False
Is 42 a factor of 209725698?
True
Is 7412480 a multiple of 24?
False
Is 3501801 a multiple of 3?
True
Is 582796711 a multiple of 13?
False
Is 879527802 a multiple of 33?
False
Is 144 a factor of 29993040?
True
Is 678501280 a multiple of 2720?
True
Is 209235982 a multiple of 2116?
False
Is 376358376 a multiple of 3036?
False
Does 188 divide 3968800?
False
Does 1366 divide 287051240?
True
Does 25 divide 34777025?
True
Does 212 divide 1956379884?
True
Is 48 a factor of 259816013?
False
Is 223 a factor of 559192347?
True
Is 16 a factor of 60239346?
False
Is 10 a factor of 1063963386?
False
Does 201 divide 2188808769?
False
Is 126825054 a multiple of 591?
True
Is 207 a factor of 114676369?
False
Is 703 a factor of 151694746?
True
Does 453 divide 1004272008?
True
Is 372 a factor of 86010525?
False
Is 41846088 a multiple of 3?
True
Is 341039600 a multiple of 16?
True
Is 592 a factor of 2145223921?
False
Is 1433273226 a multiple of 462?
True
Is 3 a factor of 9672382?
False
Is 4431 a factor of 1069210485?
False
Is 50443171 a multiple of 45?
False
Is 18826290 a multiple of 882?
True
Is 1989276103 a multiple of 2589?
False
Is 20 a factor of 679978552?
False
Does 265 divide 3388670484?
False
Does 4 divide 153110160?
True
Is 17 a factor of 236796714?
False
Is 67 a factor of 137892030?
True
Does 241 divide 118143254?
False
Is 42 a factor of 235962342?
True
Does 772 divide 21159748?
True
Is 2 a factor of 986867?
False
Is 1202 a factor of 17872936?
False
Is 345 a factor of 335141970?
True
Does 896 divide 685493760?
True
Is 17 a factor of 221364854?
True
Does 18 divide 4141314?
True
Does 9 divide 168183000?
True
Is 629 a factor of 49362662?
True
Is 162 a factor of 597746952?
True
Does 117 divide 1829527011?
True
Is 6 a factor of 6367775?
False
Is 13080 a factor of 7505290920?
True
Is 2016096 a multiple of 5?
False
Is 3 a factor of 17088522?
True
Does 703 divide 21340450?
False
Is 207 a factor of 15542796?
False
Is 574529259 a multiple of 1027?
False
Does 31 divide 94742231?
True
Does 33 divide 121278498?
True
Is 1438 a factor of 73928783?
False
Is 56117994 a multiple of 101?
False
Is 2091827940 a multiple of 156?
False
Does 7 divide 168513205?
True
Does 242 divide 74743878?
True
Is 3954 a factor of 168093660?
False
Does 16 divide 9486944?
True
Is 11 a factor of 4507004898?
True
Does 234 divide 15917402?
False
Is 44463228 a multiple of 21?
False
Is 48 a factor of 2532855456?
True
Does 542 divide 1353007975?
False
Is 187979520 a multiple of 384?
True
Is 19 a factor of 1079452?
False
Does 431 divide 7743102?
False
Is 315 a factor of 442487430?
True
Is 70129593 a multiple of 375?
False
Does 7362 divide 278261514?
True
Is 65229038 a multiple of 1906?
True
Does 13 divide 77900517?
False
Is 1083240689 a multiple of 392?
False
Is 2810 a factor of 323765770?
False
Does 156 divide 306222934?
False
Is 54759795 a multiple of 15?
True
Does 89 divide 705114960?
True
Does 375 divide 416762735?
False
Does 618 divide 33634032?
True
Is 15 a factor of 36479681?
False
Does 313 divide 730682224?
True
Does 45 divide 155321820?
True
Does 10153 divide 1913738970?
True
Is 254317 a multiple of 7?
True
Is 26044267 a multiple of 69?
False
Is 55 a factor of 101222935?
True
Does 110 divide 21738530?
True
Does 1725 divide 1395636?
False
Is 97111097 a multiple of 1235?
False
Is 18216731 a multiple of 215?
False
Is 20 a factor of 844901000?
True
Is 560801800 a multiple of 65?
True
Is 155784438 a multiple of 53?
False
Does 5 divide 12550948?
False
Does 28 divide 200977840?
True
Is 175 a factor of 26648300?
True
Is 86121372 a multiple of 9?
False
Does 7 divide 17289944?
True
Does 8 divide 4521807?
False
Is 72690107 a multiple of 487?
True
Does 10 divide 63414960?
True
Does 156 divide 44846256?
True
Is 27537918 a multiple of 213?
True
Is 892 a factor of 139500772?
True
Is 26235870 a multiple of 1081?
True
Does 24 divide 144507066?
False
Is 5 a factor of 25840235?
True
Is 4 a factor of 484412?
True
Is 444 a factor of 8992776?
True
Does 22 divide 31895864?
True
Is 4115683 a multiple of 9?
False
Is 1744 a factor of 95477040?
False
Is 34 a factor of 1293418259?
False
Is 22 a factor of 53010309?
False
Is 280 a factor of 54499053?
False
Is 414 a factor of 89614440?
True
Is 546400 a multiple of 20?
True
Is 291754692 a multiple of 10?
False
Does 15 divide 19930476?
False
Is 68 a factor of 23494641?
False
Is 68621952 a multiple of 1910?
False
Is 4626548672 a multiple of 5692?
True
Is 112188335 a multiple of 1611?
False
Does 5 divide 108207663?
False
Is 595 a factor of 4144175?
True
Is 10089 a factor of 786387105?
True
Is 132966562 a multiple of 209?
False
Is 2948 a factor of 597117400?
True
Is 133 a factor of 1292341091?
False
Does 67 divide 26895569?
False
Is 9 a factor of 33319394?
False
Is 246682089 a multiple of 24?
False
Is 8411014 a multiple of 17?
False
Is 2743258 a multiple of 5?
False
Is 112 a factor of 25758656?
True
Does 3 divide 1691728?
False
Is 10 a factor of 31806620?
True
Is 7 a factor of 311864891?
False
Does 208 divide 891499232?
True
Does 232 divide 225165512?
True
Is 44599022 a multiple of 6?
False
Is 55896806 a multiple of 1151?
False
Is 34619520 a multiple of 2?
True
Is 363585504 a multiple of 96?
True
Does 4177 divide 480338292?
True
Is 160 a factor of 12637600?
True
Is 18 a factor of 292401900?
True
Is 37875021 a multiple of 72?
False
Is 97 a factor of 56195786?
True
Is 185897584 a multiple of 272?
True
Is 573271104 a multiple of 946?
False
Is 35 a factor of 176458695?
True
Is 177106281 a multiple of 36?
False
Is 14 a factor of 5634818?
True
Does 14 divide 499731289?
False
Is 2056989 a multiple of 249?
True
Does 341 divide 24710906?
True
Does 5059 divide 2283420122?
True
Is 25230681 a multiple of 2573?
False
Is 24 a factor of 79913416?
False
Is 198070988 a multiple of 22?
False
Is 228478724 a multiple of 358?
False
Is 6090 a factor of 1437209550?
True
Is 41073232 a multiple of 23?
False
Does 69 divide 123870111?
True
Does 644 divide 61569987?
False
Is 276382496 a multiple of 16?
True
Does 6 divide 229818216?
True
Is 2500 a factor of 1426438706?
False
Is 3102399729 a multiple of 377?
True
Is 87919440 a multiple of 60?
True
Does 441 divide 59720661?
True
Is 224387677 a multiple of 13?
False
Does 56 divide 9206812?
False
Is 126 a factor of 63290049?
False
Does 517 divide 929093979?
True
Does 14 divide 7675806?
False
Is 1284744 a multiple of 6?
True
Does 572 divide 28367898?
False
Is 1642 a factor of 56706642?
False
Is 409014748 a multiple of 5?
False
Is 121 a factor of 98075582?
True
Does 56 divide 84553392?
True
Is 57 a factor of 26031444?
True
Is 1483244280 a multiple of 9649?
True
Is 3 a factor of 3976958?
False
Is 1711 a factor of 38025264?
True
Is 10 a factor of 481207701?
False
Is 429273044 a multiple of 75?
False
Does 51 divide 9829184?
False
Is 32 a factor of 163433376?
True
Is 444 a factor of 4502160?
True
Is 